69, -4*g + 83 + 198 = -5*q. What is the greatest common factor of g and j?
3
Let a = 38 + -29. Suppose a*m = 5*m + 252. Let y be 250/6 - 3/(-9). What is the highest common divisor of m and y?
21
Let n(f) = f**3 + 7*f**2 - 16*f + 21. Let h be n(-9). Let j be 298/h - 8/(-12). Let u be (-2 - -2 - -2)*j. Calculate the highest common divisor of 25 and u.
25
Let d be (-12)/22*(3 + 15 + -27 + -2). Let g be ((-1)/3)/(2/(-18)). Calculate the greatest common divisor of d and g.
3
Let p(c) = 8452*c + 6. Let t be p(2). Let a be t/90 - (-1)/9. What is the highest common divisor of 47 and a?
47
Let m be ((-4)/8)/(1153/(-288) - (-6 - -2)). What is the greatest common factor of 696 and m?
24
Suppose -5*z = -5*z - 2*z. Suppose 36 = 2*s - 2*c, -4*s + 2*c - 9 + 81 = z. Calculate the greatest common divisor of 306 and s.
18
Let f = -325 + 472. Let s(o) = -2*o**2 - 2*o - 6. Let b be s(-2). Let j be 40/(-16)*(-42)/b*-2. What is the greatest common factor of j and f?
21
Suppose 63*p - 67*p = -296. Suppose 0 = 3*c + w + 282 - p, -4*c + 3*w = 273. Let r = c - -79. Calculate the highest common factor of r and 15.
5
Suppose -5*b - 5*u + 10990 = 0, 0 = 4*b - 3*u - 2684 - 6108. Calculate the highest common factor of b and 140.
14
Let z be (-20)/(-32)*-116*-2. What is the greatest common divisor of z and 232?
29
Let n(v) = -1966*v - 190. Let a be n(-5). What is the greatest common divisor of 40 and a?
40
Suppose 22*w - 24*w = -10. Suppose 25 = -w*m, m = -4*i + 6*m + 157. Suppose 216 = -32*h + i*h. Calculate the highest common factor of h and 24.
24
Suppose 0 = -2*d + 58 - 16. Suppose 2*b - 28 = -22. Let y(w) = 66*w - 93. Let q be y(b). What is the highest common divisor of q and d?
21
Let b = 545 - 380. Let z = 242 - b. Suppose 3*f + x + 2*x = 75, -2*f = -4*x - 32. Calculate the greatest common factor of f and z.
11
Let a(l) = l**3 - 30*l + 63. Let i be a(3). Let r be 2/3 - 4/6. Suppose i = -r*c + 6*c - 270. Calculate the highest common divisor of c and 495.
45
Let f = -22 + 75. Let j(z) = -z**3 + 19*z**2 + 16*z - 39. Let b be j(19). What is the highest common factor of f and b?
53
Let d be 1 - 2 - (-320)/1. Let m(f) = -328*f - 3597. Let v be m(-11). Calculate the highest common factor of d and v.
11
Let a(w) = 26*w + 31. Let p be a(8). Let y = 287 - p. Calculate the highest common divisor of y and 32.
16
Let t(p) = 6*p**2 - 36*p - 7. Let o = 49 - 42. Let b be t(o). Suppose -b*x = -28*x - 1008. Calculate the greatest common divisor of x and 16.
16
Let n = -10752 - -11692. Calculate the greatest common divisor of 3948 and n.
188
Suppose 167*c - 166*c - 4*v - 31877 = 0, 5*v + 95687 = 3*c. What is the highest common divisor of 17 and c?
17
Let x be -2 + (-3)/9*-6. Suppose -3*t + a - 12 = 0, -4*t = 4*a - x*a + 16. Let c = 35 - t. What is the greatest common factor of 13 and c?
13
Let q be 24/16 - (-75)/2. Let n be 30 + 9/(-27)*12. What is the greatest common divisor of q and n?
13
Suppose -28*c + 14899 = -1201. Let m = c + -175. What is the greatest common divisor of 80 and m?
80
Suppose -2*q - 15 = 3*q, -y - 5 = 2*q. Let m be (-2416)/(-16) - -3*y. Let k = -18 - -32. What is the highest common factor of k and m?
14
Suppose -4*b - 30 = -9*b. Let u(m) = 4 - 36*m - m**3 - b*m**2 + 50*m + 1. Let f be u(-8). Calculate the greatest common factor of f and 7.
7
Let s(o) = -o**3 + 14*o**2 + 7*o - 32. Let q be s(11). Suppose 5*p = 2*m - 76, 0 = -4*m + 2*p + 242 - 58. What is the greatest common factor of m and q?
24
Suppose 65*f = 71*f - 1176. Let c = -341 + 488. Calculate the highest common divisor of f and c.
49
Let v be 15*13 - (-28)/(-7). Suppose v + 106 = 3*y. Let c = 153 - y. What is the greatest common factor of 36 and c?
18
Suppose 0 = -623*o + 622*o + 41. What is the greatest common factor of o and 2501?
41
Let s(h) = 14*h**2 - 275*h + 19. Let l be s(21). Let q = 114 + -76. What is the highest common divisor of l and q?
38
Suppose 5*g + 2186 = 4*c, -20*c + 2178 = -16*c - g. Calculate the highest common divisor of c and 68.
68
Let k(g) = 33*g + 935. Let o be k(-20). What is the highest common factor of o and 1025?
25
Let k(b) = -6*b + 56. Let f be k(-18). Let q = f + 60. Calculate the greatest common divisor of 28 and q.
28
Let y be 2/15 - 1169/105. Let k be 62 + (-20)/(-4) + y. Calculate the greatest common divisor of 42 and k.
14
Let o = -2552 - -3080. What is the highest common factor of o and 99?
33
Let l = -4450 - -4456. Let x(p) = -3*p**2 - 24*p - 6. Let g be x(-7). Calculate the highest common divisor of g and l.
3
Let d be ((-96)/40)/((-3)/10). Suppose -d*n = 48 - 384. Suppose 224 = 606*p - 602*p. What is the greatest common factor of p and n?
14
Let w(q) = 4*q**3 + q**2 - 128*q + 364. Let y be w(3). What is the greatest common divisor of y and 1261?
97
Suppose -200*g = -197*g + 42. Let o be (-928)/g + (-34)/119. What is the greatest common factor of o and 6?
6
Let h = -20560 + 20578. What is the greatest common factor of 39582 and h?
18
Let a(b) = 26*b + 31. Let n be a(4). Suppose 2*k = -4*o - 87 - n, 2*k + 220 = -2*o. Let t = 263 + k. What is the greatest common factor of t and 14?
14
Let o be 0 - 0 - (6 + 15/(-5)). Let l be 62/o*1*210/(-20). Suppose -5*c + 4*c - l = -5*n, -3*n + 129 = -c. Calculate the highest common divisor of 4 and n.
4
Let h = 6015 - 6010. What is the highest common divisor of 5110 and h?
5
Let q(c) = -c**3 + 2*c**2 - c - 85. Let g be q(-7). Calculate the greatest common factor of 9 and g.
3
Suppose 63001*b - 62981*b = 103040. What is the highest common divisor of 276 and b?
92
Suppose -8 = -0*n - n. Suppose 0 = 13*h - 11*h - n. Let i be h - -14 - (1 - 4/1). Calculate the highest common factor of i and 231.
21
Suppose 0 = 48*r + 21*r - 1909 - 1265. Calculate the greatest common divisor of 782 and r.
46
Suppose 6*m = 59 + 1. Let v be m*(-18 + -3)*2/(-4). Calculate the greatest common factor of 75 and v.
15
Let t(y) = -y**3 - 2*y**2 + 24*y - 9. Let r be t(-9). What is the highest common factor of 846 and r?
18
Suppose n = 2*p - 19, -2*p - p + 109 = -5*n. Let m = 49 + n. Let o = m + 2. What is the greatest common factor of 7 and o?
7
Let u = 256 + -250. Suppose u = -3*q, 9*q - 5*q = -5*y + 252. Calculate the greatest common divisor of y and 20.
4
Let t be 50/18 + (-6)/(-27). Suppose 2*s + 11 = t*s. Let o = 880 + -869. Calculate the highest common divisor of s and o.
11
Let b(j) = j**2 - 3*j + 1. Let i be b(7). Let d(h) = -92*h - 37. Let q be d(2). Let m = q - -366. What is the greatest common divisor of m and i?
29
Suppose 0*u + 10 = 2*u. Suppose 0 = z + u*o - 21, -5*z - 2*o = -z + 6. Let b = 6 - z. Calculate the highest common factor of 15 and b.
5
Suppose 1856 = 7*l - 505 - 3939. Calculate the greatest common factor of l and 36.
36
Let p(q) = 3*q**2 + q - 64. Let h be p(8). Suppose x + 5 = 22. What is the greatest common divisor of x and h?
17
Let n be (-20)/8*2*1 - (-5330)/10. What is the highest common divisor of n and 720?
48
Let h(r) = 7*r**2. Let b be h(1). Let p(o) = -640*o - 9 - 9 + 643*o. Let c be p(b). Calculate the greatest common divisor of 12 and c.
3
Let w be 1 + (-4 - -68)/(-5 + 7). Suppose -u - 4*j + 1176 = 0, 3*j = 2*u - u - 1197. Suppose k - u = -3*k. What is the greatest common factor of w and k?
33
Let o = 3044 - 2964. What is the highest common factor of 270 and o?
10
Let m(v) = -10*v - 265. Let h be m(-25). Let u be (5 - h - 8) + 2. What is the greatest common factor of 26 and u?
2
Suppose y - k = 265, 3*k = 114*y - 113*y - 283. Calculate the highest common divisor of y and 2624.
64
Let w = 13 - -4. Let s be -3*(-42 + (-6)/(-1)). Suppose n - s = -23. Calculate the highest common divisor of n and w.
17
Let u = 743 - 632. Suppose -3*s = -b - 1, -4*s + 17 + 11 = 4*b. Let d be ((-64)/(-40))/(s/5) + u. Calculate the greatest common divisor of d and 23.
23
Suppose -2*a = -3*x + 344 - 12, x - a - 112 = 0. Calculate the greatest common divisor of x and 396.
36
Let u(o) = -29*o**2 - 5*o + 7 + 2*o - 3*o**2. Let c be u(3). Let n = 434 + c. Calculate the greatest common divisor of n and 18.
18
Let c(r) = 5*r**2 - 57*r + 487. Let u be c(8). Let p = 36 - -159. Suppose -2*x - p = -7*x. What is the highest common divisor of x and u?
39
Suppose -220*l - 132 = -232*l. What is the highest common factor of 88 and l?
11
Let h be 3 + 33/11*(-2 -